 k**5/20 - k**4/6 + 2*k**3/3 - 9*k**2. Determine x(-4).
4
Let y(n) = -n. Let i(f) = -f + 3. Let h(j) = -i(j) - 2*y(j). Let a(m) = -2*m. Let s be a(-2). Suppose 2 = -2*w, 4*q = w - s*w + 9. Calculate h(q).
6
Let m(o) = 4*o**3 - 2*o**2 - 1. Let f(w) = -19*w**3 + 10*w**2 + 6. Let t(a) = 2*f(a) + 11*m(a). Determine t(-1).
-7
Suppose -3*g + 6*g = 0. Let c(q) = -q - 14. Give c(g).
-14
Let b = 3 + -7. Let k(l) = 7*l**2 - 3*l - 11. Let h(q) = q**2 - q - 1. Let p(o) = 6*h(o) - k(o). Determine p(b).
1
Let x(o) = -o + 9. Let s be x(5). Let c(y) = y - 5. Give c(s).
-1
Let i(a) = -13*a**3 + 2*a**2 + a. Let m(l) = l + 3. Let b(h) = h + 5. Let r be b(-9). Let j be m(r). Give i(j).
14
Let o(y) = -y**3 + 9*y**2 + 6. Suppose f + 14 = 2*j, 2*j - 8 = -3*f + 22. Determine o(j).
6
Let l(t) = 0*t**2 - t**2 - 6*t - 3 + 0*t - 2. Suppose -i - 5 = c, -c = -5*i + 4*c - 15. Determine l(i).
3
Let y(p) = 14*p**2 + 3*p + 11. Let j(f) = -5*f**2 - f - 4. Let v(s) = -s**2 + 7*s + 5. Let t be v(4). Let u(h) = t*j(h) + 6*y(h). Calculate u(2).
-4
Let x(c) = 5 - 6 + 4 + 2*c - 4. Give x(1).
1
Let a(q) be the second derivative of q**5/20 - q**4/6 + q**3/2 - 2*q**2 - 11*q. Determine a(3).
14
Let y(k) = 1. Let o(b) = -4*b + 6. Let x(f) = o(f) - 8*y(f). Determine x(3).
-14
Let f = 0 + -2. Let l(p) be the first derivative of p**3/3 + p**2/2 - p - 19. Calculate l(f).
1
Let b be -1 + (3/3 - -1). Suppose 3*z - b = 5. Let j(p) = -4*p + 1. Give j(z).
-7
Let f(z) = -z**2 - 5 + 100*z - 94*z + 0. Calculate f(6).
-5
Suppose 2*n - 3*n = -2. Let j be (n/5)/((-3)/(-15)). Let b be (j/(-4))/((-8)/(-64)). Let m(i) = i**3 + 3*i**2 - i + 4. Calculate m(b).
-8
Let t(h) = -15*h - 33. Let o(s) = 7*s + 16. Let b(m) = 13*o(m) + 6*t(m). What is b(-5)?
5
Let z(a) be the first derivative of a**4/4 + a**3 - 3*a**2/2 - 2. Let b(r) = r**3 + 3*r**2 - 2*r + 1. Let q(f) = -4*b(f) + 3*z(f). Give q(-3).
-1
Let c = 16 - 21. Let r be 28/c - 3/(-5). Let m(v) = -v**2 - 5*v - 1. Give m(r).
-1
Let w(s) be the second derivative of 1/12*s**4 + 7/2*s**2 + 0 - 6*s + 1/6*s**3 + 1/20*s**5. Give w(0).
7
Suppose 6*x + 8 + 22 = 0. Let y(l) = -l**3 - 6*l**2 - 6*l - 5. Give y(x).
0
Let m = 15 - 4. Let h = m - 16. Let c(l) = -4*l**3 - 7*l**2 + l - 7. Let w(t) = -t**3 - t**2 - t. Let r(v) = c(v) - 3*w(v). Calculate r(h).
-2
Let o(l) = -6*l**2 + 2*l + 1. Let u be 28/49 + 10/7. Let h(s) = s**2 - 5*s + 5. Let g be h(u). Calculate o(g).
-7
Let q(f) = f**3 - 2*f**2 - f + 1. Let d be q(1). Suppose 0 = v + v. Let c be (0/d)/(v + 1). Let x(g) = g**2 - g + 2. What is x(c)?
2
Let a = 2 + -7. Let w(v) = -5*v + 17. Let y(u) = 3*u - 9. Let j(p) = 4*w(p) + 7*y(p). Determine j(a).
0
Let y(i) be the third derivative of i**6/120 - i**5/10 + i**4/6 + i**3/6 - i**2. Suppose 0*p + 36 = 2*p. Let l be (-2)/(p/(-15))*3. Give y(l).
-4
Let d(i) = i + 1. Let z be 12/(-2)*(-2)/(-3). Let m(r) = 3*r + 5. Let a(o) = z*d(o) + 2*m(o). Determine a(-5).
-4
Let l be 2 - (1 - 0/(-2)). Let x(v) = 3*v**3 - v**2. Determine x(l).
2
Let p(t) be the first derivative of t**7/60 + t**5/60 - t**4/24 + 8*t**3/3 - 4. Let v(k) be the third derivative of p(k). Calculate v(1).
15
Let v(p) = -31*p + 12*p + p**2 + 12*p + 5. What is v(7)?
5
Let o(x) be the first derivative of -x**4/4 + 7*x**3/3 + 9*x + 8. Give o(7).
9
Suppose 0 = -i + 3*i + 5*d - 18, -5*d + 10 = 0. Let q(j) = 3 - 3*j**2 - i*j + j**2 + j**2 - j. Let c(a) = a**2 + 6*a + 1. Let t be c(-5). Calculate q(t).
7
Let p(t) be the third derivative of t**6/120 + 7*t**5/60 - t**4/3 + 2*t**3/3 - 10*t**2. Calculate p(-8).
4
Let g(t) = t**3 + t**2 - t + 2. Let u be ((-3)/2)/((-1)/(-2)). Let q be ((-6)/4)/(u/(-4)). What is g(q)?
0
Let o(x) = x**2 + 11*x - 3. Let c be o(-14). Suppose 4*m - 2*n = -7*n + c, -3*m + 4*n + 6 = 0. Let f(i) = -i**3 + 6*i**2 + 2*i - 3. Calculate f(m).
9
Let g(k) = 7*k**2 + 3*k - 2. Let q(p) = 4*p**2 + 2*p - 1. Let v(u) = -3*g(u) + 5*q(u). What is v(5)?
-19
Let t(y) = 2*y**2 + 2*y - 1. Let p = -10 + 11. Suppose -5*i - p + 6 = 0. What is t(i)?
3
Let n(a) = -3 - 2 + 1 + 2*a. Let x = -3 - -6. Let b(y) = y**3 - 3*y**2 + 2*y - 3. Let u be b(x). Calculate n(u).
2
Let g = 24 - 14. Let z(i) = i**2 - 10*i - 3. Let u be z(g). Let w(d) = 5*d + 4. Calculate w(u).
-11
Let w(m) = -m**2 - 7*m + 3. Let o be w(-8). Let b(q) = -q**3 - 5*q**2 + q - 5. Give b(o).
-10
Let r(d) be the third derivative of -d**4/6 - d**3/6 + 7*d**2. Suppose -f + 1 = -0. Determine r(f).
-5
Let s(c) = 2*c - 29. Let t(b) = b - 14. Let g(l) = 2*s(l) - 5*t(l). Give g(7).
5
Let h(m) be the second derivative of 0 + 3*m - 1/6*m**3 - 5/2*m**2. Calculate h(-3).
-2
Let i(v) = -2 + 4 - 2 - 2 - 2*v. Let m = -6 + 4. What is i(m)?
2
Let a(l) be the second derivative of -l**3/3 + 2*l**2 + 36*l. Give a(3).
-2
Let w(p) = 9*p + 2. Let c be -1 - (-3 - -2)*3. Let n be w(c). Suppose 15 = -4*y + y - 4*u, -4*y - 3*u = n. Let k(o) = o**2 + 6*o + 4. Give k(y).
-1
Suppose 2*r + 4*z - 36 = 0, 0 = 5*z + 5 - 30. Let y(k) = k**3 - 9*k**2 + 10*k - 8. Give y(r).
8
Suppose l - 9 = -5. Let p(j) = 2*j + 3. What is p(l)?
11
Let v(p) = p. Let c = -19 - -24. Give v(c).
5
Suppose -12*u + 8 = -10*u. Let h(b) be the second derivative of b - 3/2*b**2 + 2/3*b**3 + 0 - 1/12*b**u. What is h(2)?
1
Let m(k) = 2*k**3 - 8*k**2 - 9*k - 21. Let y(j) = -j**3 + 4*j**2 + 4*j + 10. Let u(v) = 6*m(v) + 13*y(v). Determine u(4).
-4
Suppose 5*u - y + 45 = -2*y, 57 = -4*u - 5*y. Let r = 5 + u. Let n(t) = t**2 + 3 + t**2 - t**2 + 0 + 2*t. What is n(r)?
6
Let s(g) = -g**3 + 8*g**2 + 1. Let h(x) = x**2 - 1. Let p(y) = 3*h(y) - s(y). Determine p(5).
-4
Let j(k) = -k**2 + 2*k + 4. Let l be j(3). Let i(z) be the third derivative of -z**4/6 - z**3/6 - 6*z**2. Determine i(l).
-5
Let p(u) = -u**3 - 6*u**2 - 3*u - 6. Suppose 82 = 12*j - 10*j. Suppose 4*r = 17 - j. Calculate p(r).
12
Let x(g) = g**3 + 8*g**2 - 10*g + 7. Let w be (0 - (6 + 3)) + 0. What is x(w)?
16
Suppose 22 - 19 = -f. Let n(w) = w**2 + 3*w - 1. Determine n(f).
-1
Let c(y) = y - 1. Let n be c(5). Let r(j) = -4 - n*j + 4*j - 4*j + 3*j. Calculate r(3).
-7
Suppose 3*z + 4*b - 9 = 0, -5*z + 3*b + 22 = 7. Let y(m) = -3 + 4*m + 2 + 5 + 5*m**2 - m**z. Determine y(6).
-8
Let l(c) = -c - 1. Suppose -5*j = -15, 4*h + 2*j - 11 = 5*j. Let i be 4 + (-1)/(h - 4). Determine l(i).
-4
Suppose 2*w + 1 = 3. Let f(s) = 0 - 3 + 0*s + s + 2 + s**2. Determine f(w).
1
Let u(t) be the third derivative of -1/12*t**4 + 0 - 3*t**2 + 2/3*t**3 + 0*t + 1/60*t**5. Give u(4).
12
Let j(a) = a. Suppose 6*f - 90 = f. Suppose -4*w = -w + f. What is j(w)?
-6
Let d(g) be the second derivative of -g**3/6 - 3*g**2/2 + 2*g. Let q be 1/(-2)*(2 + 2). Let p(c) = 3*c + 2. Let k be p(q). What is d(k)?
1
Let u(a) = -a**2 - 1 + a + 2*a**3 + a - 3*a**3. Determine u(-2).
-1
Let y(r) = r**3 + 2*r**2 + r - 1. Let p(g) be the second derivative of g**4/4 + g**3/3 - g**2 - g. Let i(o) = 2*p(o) - 3*y(o). Give i(1).
-3
Let z(f) = -f**3 - 3*f**2 + 3. Let l = 4 - 7. Determine z(l).
3
Let l(i) = -i**3 - 8*i**2 - 7*i + 5. Let y be -5 - (-6)/3*-1. Let q be l(y). Let r(m) = m**2 - 6*m - 7. What is r(q)?
-12
Let l be (2/5)/(22/55). Suppose -l = y - 3. Let v(i) = i**3 - i**2 + 3*i - 1. What is v(y)?
9
Let s(h) = 7*h**2 + h - 1. Let k(a) = 8*a**2 + 2*a - 2. Let i(g) = -5*k(g) + 6*s(g). Calculate i(3).
10
Let v(y) be the first derivative of -y**3/3 + 5*y**2/2 - 2*y + 2. Determine v(6).
-8
Let g(q) = q + 3. Suppose o + 4 = 4*r, -3*o - r = 2*o + 62. Let s be o/(2 - -2) + -1. Determine g(s).
-1
Suppose 0 = -2*n + 7*n. Suppose -2*k = 8, n = 3*z + 4*k + 2 + 17. Let q(p) be the third derivative of 3*p**5/20 - p**3/6 - p**2. What is q(z)?
8
Let k(w) = 2*w. Suppose -u = -2*u - 3. Give k(u).
-6
Let z(j) = j - 14. Suppose -2*n - n = -48. Suppose 0*t + 4*t = -n. Let g be (-2)/4*(4 + t). Calculate z(g).
-14
Let f(a) = a**2 + 5*a + 4. Let d be (-84)/(-10) - (-12)/(-30). Let b = -4 + d. Let s = b + -7. Give f(s).
-2
Let t = -6 + 9. Let m(o) = o**2 + 3*o - 1. Let b(i) = i**2 + 2*i - 1. Let k(v) = t*m(v) - 4*b(v). Give k(4).
-11
Let c(h) = h - 4. Suppose -i = 2*f - 5, 5*i - f - f = 13. Determine c(i).
-1
Let x(z) = -5*z**2 + z**2 + 9*z + 4*z**2 - z**2 - 1. Calculate x(7).
13
Let c(u) be the first derivative of u**2/2 - 4*u + 1. Suppose 0 = 5*v + 9 - 34. Suppose z + 12 = v*z. Calculate c(z).
-1
Let w(j) = -j**3 - 2*j**2 + j + 2. Let t be w